 z(-7).
-9
Let b be -2 + (4/(-9))/(2/(-9)). Let r be b/(25/5) + 3. Let a(j) = -j**2 + 3*j - 4. Determine a(r).
-4
Let p(r) be the third derivative of r**6/60 - 7*r**5/12 - 29*r**4/12 + 14*r**3/3 + 8190*r**2. What is p(19)?
9
Let y(d) be the second derivative of d**4/8 + d**3/6 + 61*d**2/2 + 35*d - 1. Let u(c) be the first derivative of y(c). Give u(-4).
-11
Let n(r) = r**2 + 4*r - 1. Let y be n(0). Let t be (15/6*-2)/y*1. Let w(s) = s**2 - s - 6. What is w(t)?
14
Let t(a) = -7*a - 39. Suppose -90 = -17*y + 15*y + 32*y. Give t(y).
-18
Let i(k) = k + 10. Let r be i(18). Suppose -24*w + 28*w = r. Let z(o) = -5*o + 9. What is z(w)?
-26
Let s(d) = 50*d**3 + 3*d**2 + 7*d - 7. Let y(j) = -69*j**3 - 4*j**2 - 10*j + 10. Let u(x) = -10*s(x) - 7*y(x). What is u(-1)?
15
Let f = -33 - 71. Let q be 12/18 + f/(-24). Let g(n) = -n**3 + 5*n**2 + n - 6. Determine g(q).
-1
Let x(b) = -6*b**3 - 3*b - 3. Let p be x(-1). Let m(i) = -2. Let v(g) = g + 7. Let d = -12 + 18. Let z(t) = d*m(t) + 2*v(t). What is z(p)?
14
Suppose -2*s + 6*v - 48 = 0, -56*v + 32 = -2*s - 54*v. Let o(z) = z**2 + 13*z + 27. Calculate o(s).
15
Let r = 15931 - 15929. Let i(z) = 1 + z**3 - 4*z**3 + 4*z**2 + 0 - 3*z. Calculate i(r).
-13
Let g(x) = -12*x - 17*x + 43*x - 11*x + 12. Suppose v + 120 - 116 = 0. Calculate g(v).
0
Suppose -2*r + 2 = 1 + 3. Let z(p) be the first derivative of -p**4/2 + 2*p**3/3 + p**2/2 + 34. What is z(r)?
3
Let c(i) = i**2 + 12*i - 7. Let o be (-2)/((-6)/(-39)) + 6 + -1. Let u(n) = n**2 + 8*n - 4. Let h(w) = o*u(w) + 5*c(w). Let v = -6 - -4. Determine h(v).
-7
Let p(d) = -d**2 + d + 3. Let w(l) = -4*l**2 + 6*l + 12. Let o(n) = 3*p(n) - w(n). Let j = -30 - -54. Let c = j + -21. Give o(c).
-3
Let p(v) = 7*v - 5. Let z be (((-16)/(-12))/4)/((666/108)/37). What is p(z)?
9
Let g(m) = -m**2 - 28*m - 74. Let z(b) = b**2 + 26*b + 65. Let r(s) = 8*g(s) + 9*z(s). Give r(-9).
-16
Suppose 0 = 3*w - 2*d - 7, 3*d = 2*w - 2*d - 12. Suppose -7*s + 12 = -9*s. Let o(f) = -f - 1. Let j(p) = 13*p + 6. Let g(h) = s*o(h) - j(h). Calculate g(w).
-7
Let o = -568 - -587. Suppose 0 = 5*g - i - 9, 3*g = g + 5*i - 1. Let j(r) = o*r + 1 - 21*r - g + 3. Calculate j(9).
-16
Let s(k) be the second derivative of 2/3*k**3 + 0 + 1/2*k**2 + 2*k. Let z = -30 - -29. Calculate s(z).
-3
Suppose v + 0 - 2 = 0. Suppose 5*r - 3*a - 4 = -1, -v*a - 2 = -4*r. Suppose r = j + 2, 5*j - 18 = 4*p + 2*j. Let s(m) = -m**2 - 6*m - 6. Determine s(p).
-6
Suppose 104*l + 9 - 321 = 0. Let r(x) = 8*x**2 - 25*x + 11. Give r(l).
8
Suppose 2*l = 5*t - 852, -2*l + 109 + 415 = 3*t. Let g(j) = 3 - 4 - 17*j**3 + t*j + j**2 - 171*j. Let f be (1/(-3))/(1/(-3)). Give g(f).
-16
Suppose -4*v = -32, 28*v = -g + 30*v - 24. Let a(q) = q**2 - 6*q - 38. What is a(g)?
74
Let k(d) = -6*d**2 - 44*d + 36. Let h be k(-8). Let w(a) be the third derivative of 0 + 1/3*a**3 + 0*a - 3*a**2 - 1/8*a**h. Calculate w(-2).
8
Let b(f) = -f**3 + 5*f**2 - f + 1. Let q = -2217 - -2219. Determine b(q).
11
Let f(l) = 4*l**3 - 140*l + 142*l + 2 - 5*l**3. Let k(n) = 6*n - 196. Let b be k(33). Determine f(b).
-2
Suppose 4*z - 2*p = 32, -4*z + 7*p = 4*p - 36. Let j(r) = 3 + r + 2*r**3 - 8*r - 6*r**3 + 5*r**3 - 5*r**2. What is j(z)?
-3
Let j(p) = p + 2. Let w be -2 + 119 - 12/3. Let t(v) = v**3 + 5*v**2 - 8*v + 14. Let k be t(-8). Let l = w + k. Give j(l).
1
Let n(z) = 693*z + 45 + 695*z + 702*z - 2078*z. What is n(-9)?
-63
Let b be 6/40*4*-5. Let d(y) = -11*y**2 - 50*y - 5. Let a(s) = -2*s**2 - 9*s - 1. Let r(t) = 34*a(t) - 6*d(t). Determine r(b).
-4
Let d(g) be the second derivative of g**3/3 - 11*g**2 + 810*g - 1. What is d(4)?
-14
Let u(o) = o**3 - 16*o**2 - 39*o + 36. Let w = 2898 + -2880. What is u(w)?
-18
Suppose 395 = 5*i - 70. Let d = -2494 + 2583. Let s = i - d. Let w(r) = -4*r + 4. Calculate w(s).
-12
Let s(h) = -h**3 + 2*h**2 - 12*h**2 - 47 - 197 + 11*h + 253. Calculate s(-11).
9
Suppose -86*v + 2*w + 56 = -81*v, 2*w = -6. Let y(b) = b**2 - 9*b + 5. Determine y(v).
15
Let w(j) = -j**2 - 12*j - 10. Suppose -t + 78 - 99 = -4*u, 0 = -2*t - 3*u - 20. Calculate w(t).
-23
Suppose -5*x - 20*g - 30 = -25*g, -3*x + 6 = g. Let h(b) = b**2 - 6*b + 11. Determine h(x).
11
Let v be 1/(3/63*(-18)/804). Let l = 932 + v. Let k(o) = 2*o**2 + 14*o + 10. Determine k(l).
-2
Let x(t) = -2*t - 10. Let n be 32/40*(-70)/(-28). Determine x(n).
-14
Suppose -2*z + 2 = -4*z. Let u(o) be the first derivative of o**2/2 - o + 3359. Determine u(z).
-2
Let w(b) = b**3 + 2*b**2 - 4*b - 1. Let q be w(-3). Suppose -4*d - 2 = -q*d. Let z(j) be the first derivative of -14*j**3/3 + j**2 + j + 161. Give z(d).
-15
Let a(z) = 3*z**2 + 28*z - 58. Let y(r) = -4*r**3 + 11*r**2 - 125*r + 373. Let d be y(3). Determine a(d).
-3
Let d(b) = b**2 + 5*b + 1. Let u(a) = 2*a**2 + 8*a + 3. Let n be u(-4). Suppose -4*f + 183 = -n*m, 3*f - 4*m = -0*m + 132. Suppose -4*h - f = 4*h. Give d(h).
7
Let c(i) = -5*i + 66 - 108 + 3*i - 3*i. Calculate c(-11).
13
Let s(g) = g**3 + 10*g**2 - 10*g + 13. Let k(b) = -7*b**2 - 180*b + 41. Let v be k(-26). Calculate s(v).
2
Let t(x) = x + 1. Let k(r) be the second derivative of 5*r**3/6 + 10*r**2 + 9*r + 1. Let w(h) = -k(h) + 4*t(h). What is w(-12)?
-4
Let p(d) be the second derivative of d**5/20 - d**4/12 - 71*d**3/6 - 3*d**2/2 + 3186*d. What is p(9)?
6
Let i(y) = -y**2 - 11*y - 30. Suppose -31*d - 328 = -31 - 49. Determine i(d).
-6
Let c(n) = 4*n**2 + 3*n + 2. Let t be (-494)/(-57) - 12/(-9). Suppose -t*g - 44 = 12*g. What is c(g)?
12
Let z(p) = 5*p + 3. Let l(b) = 8*b + 4. Let w(m) = -5*l(m) + 7*z(m). Suppose 246 = 2*s - 5*y - 536, -2*s - y = -794. Suppose -s*n + 392*n = 4. What is w(n)?
6
Let k(q) = q**3 - 22*q**2 - 22*q - 27. Suppose -58*n = -45*n - 299. Calculate k(n).
-4
Let j = -15 - 3. Let x = j - -13. Let q(m) = -2*m**3 - 32*m**2 - 4*m - 3. Let s(f) = f**3 + 17*f**2 + 2*f + 1. Let k(i) = 6*q(i) + 11*s(i). Calculate k(x).
3
Let g = -238 - -237. Let c(d) be the third derivative of d**4/24 - d**3/6 - 11*d**2. Let o(z) = -2*z - 7. Let m(x) = g*o(x) - 3*c(x). Calculate m(8).
2
Suppose -9*t - 6 + 27 = -2*t. Let g be (6/2*-1)/(-1). Let s(u) = g*u + u - u. Determine s(t).
9
Let u(s) = 2*s**2 + 25*s - 126. Let r be u(15). Let i = r - 709. Let j(y) = -y**2 - 5*y + 5. Calculate j(i).
-45
Suppose -25*k = -29*k + 8. Let x(s) = -1 + s - s**k - 7*s + 0. Suppose 5*q + 26 - 1 = 0. What is x(q)?
4
Let p(n) = -n**2 + 8*n - 5. Let b be p(6). Let h(l) be the first derivative of -l**3/3 + 3*l**2 + 6*l + 146. Give h(b).
-1
Let q(f) = -f**3 + 27*f**2 + 23*f - 8. Let c be (-4 - -1) + (-17 + 66 - 18). Give q(c).
-148
Let u(d) = 37606091*d**3 + 5*d**2 - 37606090*d**3 + 2 + 3*d + 5. Determine u(-5).
-8
Let c = 41 + -37. Let b(x) = -c*x**2 - 14 - 2*x + 19 + 3*x**2 + 6*x. Suppose -14*d - 5 = -15*d. Determine b(d).
0
Let l(y) = -54*y - 30. Let x(g) = -24*g + 1. Let f(q) = 5*l(q) - 10*x(q). Give f(-6).
20
Let y(o) = -4*o - 3. Let n be y(-2). Let t(v) = -v - 1. Let f be t(-5). Suppose f*l = -19 - n. Let z(m) = -m**3 - 6*m**2 + 1. What is z(l)?
1
Suppose 386294 = 13*p + 72162. Let c(n) = 24164 - 22*n**2 - p - n. Give c(-1).
-21
Let r(j) = -j**3 - 18*j**2 - 5*j + 199. Let f be r(-17). Let q(i) = i**3 + 4*i**2 + 6*i + 1. Give q(f).
-54
Let y(i) = 5*i**2 - 3 + 63*i**3 + i + 0 + 0*i - 64*i**3. Let z(d) = -80*d + 5 - 7*d**2 + 80*d - d**3. Let p be z(-7). Give y(p).
2
Let w(b) be the third derivative of 0 - b - 8/3*b**3 + 1/12*b**4 + 7*b**2. What is w(14)?
12
Let i(c) = -2*c - 14. Let v(u) = u**3 - 8*u**2 - 35*u + 9. Suppose -43 = -5*x - 4*w, 2*x - 58*w - 34 = -54*w. Let n be v(x). Calculate i(n).
12
Suppose -2*c = 5*j - 390 + 422, -3*j - c - 18 = 0. Let v(p) = 1 + 6*p + 7 - 5 + 5. Give v(j).
-16
Let y(j) = 22 - 5*j**2 + j - 12 + 4*j**2 - 2*j**2 - 11*j**3 + 10*j**3. What is y(-5)?
55
Suppose 0 = -3*r - 135 + 141. Let n(q) = 2*q - 1. Let y(o) = 19*o - 7. Let u(z) = r*y(z) - 18*n(z). Determine u(-5).
-6
Let z(x) = 4*x + 2. Let p(f) = 9*f + 16. Let d(l) = -4*l - 7. Let o(q) = -14*d(q) - 6*p(q). Let a(r) = 6*o(r) - 4*z(r). Calculate a(-7).
32
Let w(h) be the third derivative of h**5/60 + 5*h**4/12 + 4*h**3/3 - 4*h**2. Let r be (7/(-3))/(253/759). Give w(r).
-13
Let c(t) = t**2 - 2*t + 7. Suppose 0 = -0*p + 4*p + 3*l - 27, l = 2*p - 1. Suppose 2*j - p = -2*k + 7, 13 = k + 5*j. What is c(k)?
10
Let v = -6093 